{"id":9135,"date":"2019-10-08T18:04:12","date_gmt":"2019-10-08T16:04:12","guid":{"rendered":"http:\/\/192.168.0.249\/wordpress5\/?page_id=9135"},"modified":"2025-11-03T18:44:56","modified_gmt":"2025-11-03T18:44:56","slug":"preparer-vos-visites","status":"publish","type":"page","link":"https:\/\/cedres.org\/?page_id=9135","title":{"rendered":"Pr\u00e9parer vos visites"},"content":{"rendered":"<p>[vc_row][vc_column][vc_empty_space][vc_row_inner][vc_column_inner][\/vc_column_inner][\/vc_row_inner][vc_row_inner][vc_column_inner][vc_custom_heading text=&#8221;IDENTIFICATION ET DEMANDE D&#8217;ANALYSES&#8221; font_container=&#8221;tag:h3|font_size:25px|text_align:center|color:%23000000&#8243; use_theme_fonts=&#8221;yes&#8221;][\/vc_column_inner][\/vc_row_inner][vc_empty_space][vc_column_text]Tout \u00e9chantillon transmis doit imp\u00e9rativement comporter le nom et pr\u00e9nom(s) du patient, la date, et la liste des analyses prescrites. Sur le formulaire de demandes d&#8217;analyses, devront \u00eatre renseigner les informations suivantes:[\/vc_column_text][vc_row_inner][vc_column_inner]\r<!-- list -->\r<div class=\"radiantthemes-list rt3003958870 element-one    \" >\n<ul>\n<li>Nom et pr\u00e9nom du patient,<\/li>\n<li>Date de naissance,<\/li>\n<li>Date et heure de pr\u00e9l\u00e8vement ,<\/li>\n<li>Renseignements cliniques et biologiques<\/li>\n<li>Les analyses demand\u00e9es<\/li>\n<li>La validation de l&#8217;ordonnance par le m\u00e9decin prescripteur<\/li>\n<li>Le nom et pr\u00e9nom de l&#8217;infirmier pr\u00e9lever ( lorsque le pr\u00e9l\u00e8vement est r\u00e9alis\u00e9 hors de nos locaux )<\/li>\n<\/ul>\n<\/div>\r<!-- list -->\r[\/vc_column_inner][\/vc_row_inner][\/vc_column][\/vc_row][vc_row][vc_column][vc_column_text]<\/p>\n<p style=\"text-align: center;\"><strong>R\u00e9ception des \u00c9chantillons biologiques<\/strong><\/p>\n<p style=\"text-align: center;\">\u00a0\u00a0\u00a0\u00a0\u00a0\u00a0\u00a0\u00a0\u00a0\u00a0 07h00 \u00e0 14H00 &#8211; du lundi au vendredi<\/p>\n<p style=\"text-align: center;\">Patients Externes<\/p>\n<p style=\"text-align: center;\">\u00a0 \u00a0 \u00a0 \u00a0 \u00a0 \u00a010H30 \u00e0 14H00 &#8211; du lundi au vendredi<\/p>\n<p style=\"text-align: center;\">Projets de recherche et programmes op\u00e9rationnels<\/p>\n<p>[\/vc_column_text][vc_column_text]<\/p>\n<p style=\"text-align: center;\"><strong>Rendu des r\u00e9sultats<\/strong><\/p>\n<p style=\"text-align: center;\">\u00a0 \u00a0 \u00a0 \u00a0 \u00a0 \u00a007H30 \u00e0 16H00 &#8211; du lundi au vendredi<\/p>\n<p>[\/vc_column_text][vc_empty_space][vc_row_inner][vc_column_inner][vc_column_text css_animation=&#8221;none&#8221;]Pour chaque analyse , les pr\u00e9l\u00e8vements biologiques doivent \u00eatre effectu\u00e9s et conserv\u00e9s selon les modalit\u00e9s indiqu\u00e9es dans le pr\u00e9sent document.<\/p>\n<p>Dans le cas d&#8217;une prescription o\u00f9 figurent plusieurs analyses , il est imp\u00e9ratif de nous transmettre autant d&#8217;\u00e9chantillons qu&#8217;il y a d&#8217;analyses.[\/vc_column_text][vc_custom_heading text=&#8221;CONDITIONS DE PR\u00c9L\u00c8VEMENT EN BIOCHIMIE&#8221; font_container=&#8221;tag:h3|font_size:25px|text_align:center|color:%23000000&#8243; use_theme_fonts=&#8221;yes&#8221;][vc_empty_space][\/vc_column_inner][\/vc_row_inner][vc_row_inner][vc_column_inner][vc_column_text]Pour les param\u00e8tres sanguins de la Biochimie , un seul tube bien rempli sera n\u00e9cessaire.<\/p>\n<p>&nbsp;<\/p>\n<p><strong>=&gt; <u>Collecte des urines pour le dosage de la prot\u00e9inurie de 24H<\/u><\/strong>[\/vc_column_text][\/vc_column_inner][\/vc_row_inner][vc_row_inner][vc_column_inner width=&#8221;1\/2&#8243;][vc_column_text]<u>Recommandations<\/u><\/p>\n<p>S&#8217;abstenir d&#8217;activit\u00e9s physique intense<\/p>\n<p>S&#8217;abstenir d&#8217;un r\u00e9gime hydrique inhabituel pendant les 24 heures de collecte.<\/p>\n<p>Limiter les d\u00e9placements pendant la p\u00e9riode de collecte.<\/p>\n<p>Collecter les urines pendant la p\u00e9riode de collecte ( indiqu\u00e9e ci-dessous ).<\/p>\n<p>Cette collecte peut se faire en tout lieu permettant une collecte enti\u00e8re et propre.<\/p>\n<p>Eviter de d\u00e9buter le recueil un samedi[\/vc_column_text][\/vc_column_inner][vc_column_inner width=&#8221;1\/2&#8243;][vc_column_text]<u>P\u00e9riode de collecte<\/u><\/p>\n<p>Au r\u00e9veil du jour J , faire les premi\u00e8res urines du matin dans le WC comme d&#8217;habitude.<\/p>\n<p>Marquer imm\u00e9diatement l&#8217;heure , juste apr\u00e8s.<\/p>\n<p>D\u00e8s lors , recueillir et collecter dans les bouteilles d\u00e9di\u00e9es \u00e0 cet effet , toutes les autres urines de la journ\u00e9e et de la nuit jusqu&#8217;au matin du jour J+1.<\/p>\n<p>Au r\u00e9veil du jour J+1\u00a0 recueillez et collectez les premi\u00e8res urines du\u00a0 matin dans les bouteilles jusqu&#8217;\u00e0 la m\u00eame heure marqu\u00e9e la veille et les apporter au laboratoire pour analyse[\/vc_column_text][\/vc_column_inner][\/vc_row_inner][\/vc_column][\/vc_row][vc_row][vc_column][vc_tta_accordion active_section=&#8221;1&#8243; css_animation=&#8221;fadeInLeft&#8221; css=&#8221;.vc_custom_1570713326330{background-color: #1e73be !important;}&#8221;][vc_tta_section title=&#8221;Proc\u00e9dure de recueil&#8221; tab_id=&#8221;1570712435742-517cb8b1-6ac6&#8243;][vc_column_text]L&#8217;azide de sodium est pr\u00e9alablement introduit dans les bouteilles.<\/p>\n<p>Chaque fois que le besoin d&#8217;uriner se fait sentir:<\/p>\n<ul>\n<li>Ouvrir la bouteille<\/li>\n<li>Introduire l&#8217;extremit\u00e9 effil\u00e9e de l&#8217;entonnoir dans le goulot de la bouteille<\/li>\n<li>uriner dans le base large de l&#8217;entonnoir (miction compl\u00e8te)<\/li>\n<li>\u00e0 la fin de la miction , retirer l&#8217;entonnoir de la bouteille et fermez la<\/li>\n<\/ul>\n<p>Converser la bouteille dans un endroit frais , \u00e0 l&#8217;abri de la chaleur ( &lt; 25 \u00b0 C) et de la lumi\u00e8re vive (ex: salle de bain , toilettes, &#8230;)<\/p>\n<p>NB : Ne pas rincer l&#8217;entonnoir et le conserver dans un sac en plastique propre jusqu&#8217;\u00e0 sa prochaine utilisation.[\/vc_column_text][\/vc_tta_section][\/vc_tta_accordion][\/vc_column][\/vc_row][vc_row][vc_column width=&#8221;1\/2&#8243;][vc_row_inner][vc_column_inner][vc_empty_space][\/vc_column_inner][\/vc_row_inner][\/vc_column][vc_column width=&#8221;1\/2&#8243;][\/vc_column][vc_column][vc_custom_heading text=&#8221;CONDITIONS DE PR\u00c9L\u00c8VEMENT EN BACT\u00c9RIOLOGIE&#8221; font_container=&#8221;tag:h3|font_size:25PX|text_align:center|color:%23000000&#8243; use_theme_fonts=&#8221;yes&#8221;][\/vc_column][\/vc_row][vc_row][vc_column width=&#8221;1\/2&#8243;][vc_tta_accordion color=&#8221;sky&#8221; gap=&#8221;1&#8243; active_section=&#8221;1&#8243; css_animation=&#8221;fadeInLeft&#8221;][vc_tta_section title=&#8221;Pr\u00e9l\u00e8vement du LCR&#8221; tab_id=&#8221;1570720415158-d883f349-0ea1&#8243;][vc_column_text css_animation=&#8221;none&#8221;]En cours.[\/vc_column_text][\/vc_tta_section][vc_tta_section title=&#8221;Pr\u00e9l\u00e8vement g\u00e9nitaux&#8221; tab_id=&#8221;1570720415159-a1c26f91-73f6&#8243;][vc_column_text]I am text block. Click edit button to change this text. Lorem ipsum dolor sit amet, consectetur adipiscing elit. Ut elit tellus, luctus nec ullamcorper mattis, pulvinar dapibus leo.[\/vc_column_text][\/vc_tta_section][\/vc_tta_accordion][\/vc_column][vc_column width=&#8221;1\/2&#8243;][vc_tta_accordion color=&#8221;sky&#8221; gap=&#8221;1&#8243; active_section=&#8221;1&#8243; css_animation=&#8221;fadeInRight&#8221;][vc_tta_section title=&#8221;Pr\u00e9l\u00e8vement d&#8217;expectorations ( Crachats)&#8221; tab_id=&#8221;1570720444720-c6585d0b-5cb9&#8243;][vc_column_text css_animation=&#8221;none&#8221;]I am text block. Click edit button to change this text. Lorem ipsum dolor sit amet, consectetur adipiscing elit. Ut elit tellus, luctus nec ullamcorper mattis, pulvinar dapibus leo.[\/vc_column_text][\/vc_tta_section][vc_tta_section title=&#8221;Pr\u00e9l\u00e8vement des selles&#8221; tab_id=&#8221;1570720444721-8fe8e00f-ad76&#8243;][vc_column_text]I am text block. Click edit button to change this text. Lorem ipsum dolor sit amet, consectetur adipiscing elit. Ut elit tellus, luctus nec ullamcorper mattis, pulvinar dapibus leo.[\/vc_column_text][\/vc_tta_section][\/vc_tta_accordion][\/vc_column][\/vc_row][vc_row][vc_column][vc_empty_space][\/vc_column][vc_column][vc_custom_heading text=&#8221;CONDITIONS DE PR\u00c9L\u00c8VEMENT EN MYCOLOGIE&#8221; font_container=&#8221;tag:h3|font_size:25px|text_align:center|color:%23000000&#8243; use_theme_fonts=&#8221;yes&#8221;][vc_empty_space][vc_column_text]<\/p>\n<ol>\n<li>Les renseignements clinique sont tr\u00e8s importants d&#8217;o\u00f9 la n\u00e9cessit\u00e9 d&#8217;une bonne collaboration entre le clinicien et le biologiste.<\/li>\n<li>Les pr\u00e9l\u00e8vements r\u00e9alis\u00e9s au lit du patient devront \u00eatre transmis au laboratoire avec les informations suivantes: les renseignements clinique\u00a0 , l&#8217;origine g\u00e9ographique du patient , l&#8217;existence ou non de pathologies sous jacentes ( Cancer-VIH-Patient greff\u00e9-corticoth\u00e9rapie-&#8230;)<\/li>\n<li>Pour les cas de mycoses au niveau de la peau et des phan\u00e8res , les pr\u00e9l\u00e8vements se feront au laboratoire par le biologiste.<\/li>\n<li>Pour la Recherche d&#8217;Aspergille dans les crachats , rincer la bouche avec un antiseptique avant d&#8217;effectuer le pr\u00e9l\u00e8vement.<\/li>\n<li>Lorsque le patient est sous traitement antifongique , la f\u00eanetre th\u00e9rapeutique \u00e0 observer avant la r\u00e9alisation du pr\u00e9l\u00e8vement est de 8 \u00e0 15 jours voir un (1) mois pour les pr\u00e9l\u00e8vements au niveau des ongles.<\/li>\n<\/ol>\n<p>[\/vc_column_text][\/vc_column][\/vc_row][vc_row][vc_column width=&#8221;1\/2&#8243;][vc_tta_accordion color=&#8221;sky&#8221; active_section=&#8221;1&#8243; css_animation=&#8221;fadeInLeft&#8221;][vc_tta_section title=&#8221;Pr\u00e9l\u00e8vement d&#8217;urines en vue d&#8217;un ECBU&#8221; tab_id=&#8221;1570781875582-f96c64ec-44c8&#8243;][\/vc_tta_section][vc_tta_section title=&#8221;Pr\u00e9l\u00e8vement avec poche pour les enfants&#8221; tab_id=&#8221;1570781875673-79700b58-144d&#8221;][\/vc_tta_section][\/vc_tta_accordion][\/vc_column][vc_column width=&#8221;1\/2&#8243;][vc_tta_accordion color=&#8221;sky&#8221; gap=&#8221;1&#8243; active_section=&#8221;1&#8243; css_animation=&#8221;fadeInRight&#8221;][vc_tta_section title=&#8221;Pr\u00e9l\u00e8vement porteurs sonde v\u00e9sicale demeure&#8221; tab_id=&#8221;1570781878955-f586111f-1622&#8243;][\/vc_tta_section][vc_tta_section title=&#8221;Patient incontinent ou handicap\u00e9&#8221; tab_id=&#8221;1570781879052-17f16e85-947e&#8221;][\/vc_tta_section][\/vc_tta_accordion][\/vc_column][\/vc_row][vc_row][vc_column][vc_row_inner][vc_column_inner width=&#8221;1\/2&#8243;][\/vc_column_inner][vc_column_inner width=&#8221;1\/2&#8243;][\/vc_column_inner][\/vc_row_inner][\/vc_column][\/vc_row]<\/p>\n","protected":false},"excerpt":{"rendered":"<p>[vc_row][vc_column][vc_empty_space][vc_row_inner][vc_column_inner][\/vc_column_inner][\/vc_row_inner][vc_row_inner][vc_column_inner][vc_custom_heading text=&#8221;IDENTIFICATION ET DEMANDE D&#8217;ANALYSES&#8221; font_container=&#8221;tag:h3|font_size:25px|text_align:center|color:%23000000&#8243; use_theme_fonts=&#8221;yes&#8221;][\/vc_column_inner][\/vc_row_inner][vc_empty_space][vc_column_text]Tout \u00e9chantillon transmis doit imp\u00e9rativement comporter le nom et pr\u00e9nom(s) du patient, la date, et la liste des analyses prescrites. Sur le formulaire de demandes d&#8217;analyses, devront \u00eatre renseigner les informations suivantes:[\/vc_column_text][vc_row_inner][vc_column_inner][\/vc_column_inner][\/vc_row_inner][\/vc_column][\/vc_row][vc_row][vc_column][vc_column_text] R\u00e9ception des \u00c9chantillons biologiques \u00a0\u00a0\u00a0\u00a0\u00a0\u00a0\u00a0\u00a0\u00a0\u00a0 07h00 \u00e0 14H00 &#8211; du lundi au vendredi Patients Externes \u00a0 \u00a0 [&hellip;]<\/p>\n","protected":false},"author":9,"featured_media":0,"parent":0,"menu_order":0,"comment_status":"closed","ping_status":"closed","template":"","meta":{"om_disable_all_campaigns":false,"footnotes":""},"class_list":["post-9135","page","type-page","status-publish","hentry"],"_links":{"self":[{"href":"https:\/\/cedres.org\/index.php?rest_route=\/wp\/v2\/pages\/9135","targetHints":{"allow":["GET"]}}],"collection":[{"href":"https:\/\/cedres.org\/index.php?rest_route=\/wp\/v2\/pages"}],"about":[{"href":"https:\/\/cedres.org\/index.php?rest_route=\/wp\/v2\/types\/page"}],"author":[{"embeddable":true,"href":"https:\/\/cedres.org\/index.php?rest_route=\/wp\/v2\/users\/9"}],"replies":[{"embeddable":true,"href":"https:\/\/cedres.org\/index.php?rest_route=%2Fwp%2Fv2%2Fcomments&post=9135"}],"version-history":[{"count":5,"href":"https:\/\/cedres.org\/index.php?rest_route=\/wp\/v2\/pages\/9135\/revisions"}],"predecessor-version":[{"id":11118,"href":"https:\/\/cedres.org\/index.php?rest_route=\/wp\/v2\/pages\/9135\/revisions\/11118"}],"wp:attachment":[{"href":"https:\/\/cedres.org\/index.php?rest_route=%2Fwp%2Fv2%2Fmedia&parent=9135"}],"curies":[{"name":"wp","href":"https:\/\/api.w.org\/{rel}","templated":true}]}}