{"id":10776,"date":"2022-03-10T14:59:58","date_gmt":"2022-03-10T13:59:58","guid":{"rendered":"https:\/\/cedres.org\/?page_id=10776"},"modified":"2023-05-25T01:17:50","modified_gmt":"2023-05-24T23:17:50","slug":"resultats","status":"publish","type":"page","link":"https:\/\/cedres.org\/?page_id=10776","title":{"rendered":"RESULTATS"},"content":{"rendered":"<p>Veuillez cliquer sur le lien ci-dessous pour consulter vos r\u00e9sultats, en renseignant dans l&#8217;onglet qui va s&#8217;ouvrir, votre<span style=\"color: #99cc00;\"> <strong>Login<\/strong><\/span> et <span style=\"color: #99cc00;\"><strong>Mot de passe<\/strong><\/span> indiqu\u00e9s sur votre re\u00e7u. Merci de retourner visiter notre site Web pour mieux d\u00e9couvrir ce laboratoire accr\u00e9dit\u00e9.<\/p>\n<p><a href=\"http:\/\/www.laboonline.com\" target=\"_blank\" rel=\"noopener noreferrer\">https:\/\/www.laboonline.com\/SeConnecter?error=false<\/a><\/p>\n<p><a href=\"https:\/\/www.laboonline.com\/SeConnecter?error=false\" rel=\"noopener noreferrer\" target=\"_blank\">Votre r\u00e9sultat d&#8217;analyse ici<\/a><\/p>\n","protected":false},"excerpt":{"rendered":"<p>Veuillez cliquer sur le lien ci-dessous pour consulter vos r\u00e9sultats, en renseignant dans l&#8217;onglet qui va s&#8217;ouvrir, votre Login et Mot de passe indiqu\u00e9s sur votre re\u00e7u. Merci de retourner visiter notre site Web pour mieux d\u00e9couvrir ce laboratoire accr\u00e9dit\u00e9. https:\/\/www.laboonline.com\/SeConnecter?error=false Votre r\u00e9sultat d&#8217;analyse ici<\/p>\n","protected":false},"author":5,"featured_media":0,"parent":0,"menu_order":0,"comment_status":"closed","ping_status":"closed","template":"","meta":{"om_disable_all_campaigns":false,"footnotes":""},"class_list":["post-10776","page","type-page","status-publish","hentry"],"_links":{"self":[{"href":"https:\/\/cedres.org\/index.php?rest_route=\/wp\/v2\/pages\/10776","targetHints":{"allow":["GET"]}}],"collection":[{"href":"https:\/\/cedres.org\/index.php?rest_route=\/wp\/v2\/pages"}],"about":[{"href":"https:\/\/cedres.org\/index.php?rest_route=\/wp\/v2\/types\/page"}],"author":[{"embeddable":true,"href":"https:\/\/cedres.org\/index.php?rest_route=\/wp\/v2\/users\/5"}],"replies":[{"embeddable":true,"href":"https:\/\/cedres.org\/index.php?rest_route=%2Fwp%2Fv2%2Fcomments&post=10776"}],"version-history":[{"count":8,"href":"https:\/\/cedres.org\/index.php?rest_route=\/wp\/v2\/pages\/10776\/revisions"}],"predecessor-version":[{"id":10816,"href":"https:\/\/cedres.org\/index.php?rest_route=\/wp\/v2\/pages\/10776\/revisions\/10816"}],"wp:attachment":[{"href":"https:\/\/cedres.org\/index.php?rest_route=%2Fwp%2Fv2%2Fmedia&parent=10776"}],"curies":[{"name":"wp","href":"https:\/\/api.w.org\/{rel}","templated":true}]}}